{"id":980,"date":"2018-03-14T12:12:24","date_gmt":"2018-03-14T12:12:24","guid":{"rendered":"http:\/\/businesspt.pt\/wpbpt\/?page_id=980"},"modified":"2018-05-25T08:43:57","modified_gmt":"2018-05-25T08:43:57","slug":"politica-uso-cookies-da-business-portugal","status":"publish","type":"page","link":"https:\/\/businesspt.pt\/wpbpt\/politica-uso-cookies-da-business-portugal\/","title":{"rendered":"Pol\u00edtica de uso de Cookies e dados da Business Portugal"},"content":{"rendered":"<h2>Cookies e outras tecnologias de armazenamento<\/h2>\n<p>Um cookie \u00e9 um pequeno arquivo de computador ou pacote de dados enviados por um s\u00edtio de Internet para o navegador do usu\u00e1rio, quando o usu\u00e1rio visita o s\u00edtio. Cada vez que o usu\u00e1rio visita o s\u00edtio novamente, o navegador envia o cookie de volta para o servidor para notificar atividades pr\u00e9vias do usu\u00e1rio. Os cookies foram concebidos para serem um mecanismo confi\u00e1vel para que s\u00edtios se lembrem de informa\u00e7\u00f5es da atividade do usu\u00e1rio, como senhas gravadas, itens adicionados no carrinho de compras em uma loja online, hiperliga\u00e7\u00f5es que foram clicadas anteriormente, entre outros. Assim, melhoram a navega\u00e7\u00e3o, aumentando a efici\u00eancia da resposta.<\/p>\n<p>Se voc\u00ea visita o site da Business Portugal saiba que usamos cookies. Est\u00e1 p\u00e1gina explica como e porque n\u00f3s os usamos e como voc\u00ea pode control\u00e1-los.<\/p>\n<h2>Por que usamos cookies?<\/h2>\n<p>Os cookies nos ajudam a obter melhores informa\u00e7\u00f5es para melhorarmos nossos servi\u00e7os e atender a nossos clientes com qualidade.<\/p>\n<h2>Os servi\u00e7os que usam cookies neste site s\u00e3o:<\/h2>\n<div class=\"optanon-cookie-policy-left\">\n<p class=\"optanon-cookie-policy-subgroup-name\"><strong>Google<\/strong><\/p>\n<p>Ferramentas do Google Analytics que capturam dados de uso do site e que nos ajudam a entender como os visitantes usam nosso site e como podemos melhorar a sua experi\u00eancia.<\/p>\n<p><strong>Facebook<\/strong><\/p>\n<p>Este site tamb\u00e9m utiliza recursos e ferramentas do Facebook e, por consequencia, utiliza os cookies e a coleta de dados realizadas pelos servi\u00e7os do Facebook. Para compreender melhor quais dados s\u00e3o capturados e como s\u00e3o utilizados, <a href=\"https:\/\/www.facebook.com\/policies\/cookies\/\">visite a politica de cookies do Facebook<\/a>.<\/p>\n<p><strong>WordPress Chat<\/strong><\/p>\n<p>Este site utiliza cookies fundamentais para o funcionamento da plataforma de Chat, com a identifica\u00e7\u00e3o da sess\u00e3o e dos comportamentos do usu\u00e1rio com rela\u00e7\u00e3o ao formul\u00e1rio do chat, como o encerramento da janela de chat, o preenchimento do formul\u00e1rio e as prefer\u00eancias de intera\u00e7\u00e3o.<\/p>\n<p><strong>WordPress<\/strong><\/p>\n<p>Este site utiliza os cookies fundamentais para o funcionamento da plataforma CMS WordPress, com o armazenamento de dados de sess\u00e3o, de login de usu\u00e1rios registrados e uso dos coment\u00e1rios.<\/p>\n<p><strong>MailChimp<\/strong><\/p>\n<p>Em alguns artigos recursos e cookies do mailchimp podem ser utilizados para o funcionamento do formul\u00e1rio de captura de dados para e-mail marketing e, como consequencia, cookies podem ser inseridos. Para melhor entender quais cookies o MailChimp usa e como eles funcionam, consulte a <a href=\"https:\/\/mailchimp.com\/legal\/cookies\/?_ga=2.131829130.426189230.1521024624-1037311099.1513768004\">politica de cookies da MailChimp<\/a>.<\/p>\n<\/div>\n<h2>Onde usamos Cookies?<\/h2>\n<p>Utilizamos cookies apenas dentro dos sites e p\u00e1ginas da Business Portugal, sejam elas acessadas por dispositivos m\u00f3veis ou desktop.<\/p>\n<h2>Como voc\u00ea pode controlar o uso dos cookies?<\/h2>\n<p>Voc\u00ea \u00e9 livre para escolher entre usar ou n\u00e3o usar cookies.<\/p>\n<p>Para n\u00e3o utiliz\u00e1-los voc\u00ea pode configurar o seu navegador para que ele n\u00e3o aceite cookies. Para realizar esta opera\u00e7\u00e3o consulte as instru\u00e7\u00f5es e o suporte do seu navegador de internet.<\/p>\n<p>&nbsp;<\/p>\n<h2>Regras de uso do site e pol\u00edtica de uso dos Cookies da Business Portugal<\/h2>\n<p>Para utilizar este site voc\u00ea deve estar de acordo com a nossa pol\u00edtica de cookies apresentada acima e concordar com os fins e os meios do uso de cookies neste site. Declara tamb\u00e9m estar ciente dos meios de desativar as informa\u00e7\u00f5es obtidas por este site e seus recursos terceiros e, ao usar, declara concordar com o armazenamento e uso das informa\u00e7\u00f5es dos cookies por esta p\u00e1gina coletados.<\/p>\n<p>&nbsp;<\/p>\n<h2 id=\"usodedados\">Uso de dados fornecidos nos formul\u00e1rios de contato<\/h2>\n<p>Ao entrar em contato conosco pelo chat, por e-mail, por redes sociais, coment\u00e1rios ou preencher os dados de qualquer formul\u00e1rio deste site seu e-mail e nome ficar\u00e3o armazenados em nossos bancos de dados e ser\u00e3o utilizados apenas e exclusivamente para o contato comercial este for solicitado por voc\u00ea.<\/p>\n<p>Mesmo que a sua mensagem n\u00e3o solicite um contato comercial informamos que seus dados ser\u00e3o armazenados em nossos bancos de dados.<\/p>\n<p>Informamos tamb\u00e9m que n\u00e3o forneceremos os seus dados a nenhuma empresa terceira em hip\u00f3tese alguma, mas que seus dados podem ser armazenados em servi\u00e7os de CRM como HubSpot quando for o caso.<\/p>\n<h2>Como apagar os seus dados das bases de dados da Business Portugal<\/h2>\n<p>Caso voc\u00ea n\u00e3o queira que seu nome e\/ou e-mail e\/ou outro dado permane\u00e7am armazenados em nossos bancos de dados voc\u00ea deve solicitar expressamente a remo\u00e7\u00e3o pelo e-mail: contato@businesspt.pt<\/p>\n","protected":false},"excerpt":{"rendered":"<p>Cookies e outras tecnologias de armazenamento Um cookie \u00e9 um pequeno arquivo de computador ou pacote de dados enviados por um s\u00edtio de Internet para o navegador do usu\u00e1rio, quando o usu\u00e1rio visita o s\u00edtio. Cada vez que o usu\u00e1rio visita o s\u00edtio novamente, o navegador envia o cookie de volta para o servidor para [&hellip;]<\/p>\n","protected":false},"author":4,"featured_media":0,"parent":0,"menu_order":0,"comment_status":"closed","ping_status":"closed","template":"","meta":{"_exactmetrics_skip_tracking":false,"_exactmetrics_sitenote_active":false,"_exactmetrics_sitenote_note":"","_exactmetrics_sitenote_category":0,"footnotes":""},"class_list":["post-980","page","type-page","status-publish","hentry"],"yoast_head":"<!-- This site is optimized with the Yoast SEO plugin v27.3 - https:\/\/yoast.com\/product\/yoast-seo-wordpress\/ -->\n<title>Pol\u00edtica de uso de Cookies e dados da Business Portugal - Business Portugal<\/title>\n<meta name=\"robots\" content=\"index, follow, max-snippet:-1, max-image-preview:large, max-video-preview:-1\" \/>\n<link rel=\"canonical\" href=\"https:\/\/businesspt.pt\/wpbpt\/politica-uso-cookies-da-business-portugal\/\" \/>\n<meta property=\"og:locale\" content=\"pt_PT\" \/>\n<meta property=\"og:type\" content=\"article\" \/>\n<meta property=\"og:title\" content=\"Pol\u00edtica de uso de Cookies e dados da Business Portugal - Business Portugal\" \/>\n<meta property=\"og:description\" content=\"Cookies e outras tecnologias de armazenamento Um cookie \u00e9 um pequeno arquivo de computador ou pacote de dados enviados por um s\u00edtio de Internet para o navegador do usu\u00e1rio, quando o usu\u00e1rio visita o s\u00edtio. Cada vez que o usu\u00e1rio visita o s\u00edtio novamente, o navegador envia o cookie de volta para o servidor para [&hellip;]\" \/>\n<meta property=\"og:url\" content=\"https:\/\/businesspt.pt\/wpbpt\/politica-uso-cookies-da-business-portugal\/\" \/>\n<meta property=\"og:site_name\" content=\"Business Portugal\" \/>\n<meta property=\"article:publisher\" content=\"http:\/\/www.facebook.com\/businessportugal\/\" \/>\n<meta property=\"article:modified_time\" content=\"2018-05-25T08:43:57+00:00\" \/>\n<meta name=\"twitter:card\" content=\"summary_large_image\" \/>\n<meta name=\"twitter:label1\" content=\"Tempo estimado de leitura\" \/>\n\t<meta name=\"twitter:data1\" content=\"4 minutes\" \/>\n<script type=\"application\/ld+json\" class=\"yoast-schema-graph\">{\"@context\":\"https:\\\/\\\/schema.org\",\"@graph\":[{\"@type\":\"WebPage\",\"@id\":\"https:\\\/\\\/businesspt.pt\\\/wpbpt\\\/politica-uso-cookies-da-business-portugal\\\/\",\"url\":\"https:\\\/\\\/businesspt.pt\\\/wpbpt\\\/politica-uso-cookies-da-business-portugal\\\/\",\"name\":\"Pol\u00edtica de uso de Cookies e dados da Business Portugal - Business Portugal\",\"isPartOf\":{\"@id\":\"https:\\\/\\\/businesspt.pt\\\/wpbpt\\\/#website\"},\"datePublished\":\"2018-03-14T12:12:24+00:00\",\"dateModified\":\"2018-05-25T08:43:57+00:00\",\"breadcrumb\":{\"@id\":\"https:\\\/\\\/businesspt.pt\\\/wpbpt\\\/politica-uso-cookies-da-business-portugal\\\/#breadcrumb\"},\"inLanguage\":\"pt-PT\",\"potentialAction\":[{\"@type\":\"ReadAction\",\"target\":[\"https:\\\/\\\/businesspt.pt\\\/wpbpt\\\/politica-uso-cookies-da-business-portugal\\\/\"]}]},{\"@type\":\"BreadcrumbList\",\"@id\":\"https:\\\/\\\/businesspt.pt\\\/wpbpt\\\/politica-uso-cookies-da-business-portugal\\\/#breadcrumb\",\"itemListElement\":[{\"@type\":\"ListItem\",\"position\":1,\"name\":\"Home\",\"item\":\"https:\\\/\\\/businesspt.pt\\\/wpbpt\\\/\"},{\"@type\":\"ListItem\",\"position\":2,\"name\":\"Pol\u00edtica de uso de Cookies e dados da Business Portugal\"}]},{\"@type\":\"WebSite\",\"@id\":\"https:\\\/\\\/businesspt.pt\\\/wpbpt\\\/#website\",\"url\":\"https:\\\/\\\/businesspt.pt\\\/wpbpt\\\/\",\"name\":\"Business Portugal\",\"description\":\"Business Portugal\",\"publisher\":{\"@id\":\"https:\\\/\\\/businesspt.pt\\\/wpbpt\\\/#organization\"},\"potentialAction\":[{\"@type\":\"SearchAction\",\"target\":{\"@type\":\"EntryPoint\",\"urlTemplate\":\"https:\\\/\\\/businesspt.pt\\\/wpbpt\\\/?s={search_term_string}\"},\"query-input\":{\"@type\":\"PropertyValueSpecification\",\"valueRequired\":true,\"valueName\":\"search_term_string\"}}],\"inLanguage\":\"pt-PT\"},{\"@type\":\"Organization\",\"@id\":\"https:\\\/\\\/businesspt.pt\\\/wpbpt\\\/#organization\",\"name\":\"ANDR\u00c9 LUIZ DE ALMEIDA - TECHNOLOGY CONSULTING, UNIPESSOAL, LDA\",\"url\":\"https:\\\/\\\/businesspt.pt\\\/wpbpt\\\/\",\"logo\":{\"@type\":\"ImageObject\",\"inLanguage\":\"pt-PT\",\"@id\":\"https:\\\/\\\/businesspt.pt\\\/wpbpt\\\/#\\\/schema\\\/logo\\\/image\\\/\",\"url\":\"https:\\\/\\\/businesspt.pt\\\/wpbpt\\\/wp-content\\\/uploads\\\/2015\\\/10\\\/bpt-icon.png\",\"contentUrl\":\"https:\\\/\\\/businesspt.pt\\\/wpbpt\\\/wp-content\\\/uploads\\\/2015\\\/10\\\/bpt-icon.png\",\"width\":512,\"height\":512,\"caption\":\"ANDR\u00c9 LUIZ DE ALMEIDA - TECHNOLOGY CONSULTING, UNIPESSOAL, LDA\"},\"image\":{\"@id\":\"https:\\\/\\\/businesspt.pt\\\/wpbpt\\\/#\\\/schema\\\/logo\\\/image\\\/\"},\"sameAs\":[\"http:\\\/\\\/www.facebook.com\\\/businessportugal\\\/\",\"http:\\\/\\\/bit.ly\\\/andrepmgr\"]}]}<\/script>\n<!-- \/ Yoast SEO plugin. -->","yoast_head_json":{"title":"Pol\u00edtica de uso de Cookies e dados da Business Portugal - Business Portugal","robots":{"index":"index","follow":"follow","max-snippet":"max-snippet:-1","max-image-preview":"max-image-preview:large","max-video-preview":"max-video-preview:-1"},"canonical":"https:\/\/businesspt.pt\/wpbpt\/politica-uso-cookies-da-business-portugal\/","og_locale":"pt_PT","og_type":"article","og_title":"Pol\u00edtica de uso de Cookies e dados da Business Portugal - Business Portugal","og_description":"Cookies e outras tecnologias de armazenamento Um cookie \u00e9 um pequeno arquivo de computador ou pacote de dados enviados por um s\u00edtio de Internet para o navegador do usu\u00e1rio, quando o usu\u00e1rio visita o s\u00edtio. Cada vez que o usu\u00e1rio visita o s\u00edtio novamente, o navegador envia o cookie de volta para o servidor para [&hellip;]","og_url":"https:\/\/businesspt.pt\/wpbpt\/politica-uso-cookies-da-business-portugal\/","og_site_name":"Business Portugal","article_publisher":"http:\/\/www.facebook.com\/businessportugal\/","article_modified_time":"2018-05-25T08:43:57+00:00","twitter_card":"summary_large_image","twitter_misc":{"Tempo estimado de leitura":"4 minutes"},"schema":{"@context":"https:\/\/schema.org","@graph":[{"@type":"WebPage","@id":"https:\/\/businesspt.pt\/wpbpt\/politica-uso-cookies-da-business-portugal\/","url":"https:\/\/businesspt.pt\/wpbpt\/politica-uso-cookies-da-business-portugal\/","name":"Pol\u00edtica de uso de Cookies e dados da Business Portugal - Business Portugal","isPartOf":{"@id":"https:\/\/businesspt.pt\/wpbpt\/#website"},"datePublished":"2018-03-14T12:12:24+00:00","dateModified":"2018-05-25T08:43:57+00:00","breadcrumb":{"@id":"https:\/\/businesspt.pt\/wpbpt\/politica-uso-cookies-da-business-portugal\/#breadcrumb"},"inLanguage":"pt-PT","potentialAction":[{"@type":"ReadAction","target":["https:\/\/businesspt.pt\/wpbpt\/politica-uso-cookies-da-business-portugal\/"]}]},{"@type":"BreadcrumbList","@id":"https:\/\/businesspt.pt\/wpbpt\/politica-uso-cookies-da-business-portugal\/#breadcrumb","itemListElement":[{"@type":"ListItem","position":1,"name":"Home","item":"https:\/\/businesspt.pt\/wpbpt\/"},{"@type":"ListItem","position":2,"name":"Pol\u00edtica de uso de Cookies e dados da Business Portugal"}]},{"@type":"WebSite","@id":"https:\/\/businesspt.pt\/wpbpt\/#website","url":"https:\/\/businesspt.pt\/wpbpt\/","name":"Business Portugal","description":"Business Portugal","publisher":{"@id":"https:\/\/businesspt.pt\/wpbpt\/#organization"},"potentialAction":[{"@type":"SearchAction","target":{"@type":"EntryPoint","urlTemplate":"https:\/\/businesspt.pt\/wpbpt\/?s={search_term_string}"},"query-input":{"@type":"PropertyValueSpecification","valueRequired":true,"valueName":"search_term_string"}}],"inLanguage":"pt-PT"},{"@type":"Organization","@id":"https:\/\/businesspt.pt\/wpbpt\/#organization","name":"ANDR\u00c9 LUIZ DE ALMEIDA - TECHNOLOGY CONSULTING, UNIPESSOAL, LDA","url":"https:\/\/businesspt.pt\/wpbpt\/","logo":{"@type":"ImageObject","inLanguage":"pt-PT","@id":"https:\/\/businesspt.pt\/wpbpt\/#\/schema\/logo\/image\/","url":"https:\/\/businesspt.pt\/wpbpt\/wp-content\/uploads\/2015\/10\/bpt-icon.png","contentUrl":"https:\/\/businesspt.pt\/wpbpt\/wp-content\/uploads\/2015\/10\/bpt-icon.png","width":512,"height":512,"caption":"ANDR\u00c9 LUIZ DE ALMEIDA - TECHNOLOGY CONSULTING, UNIPESSOAL, LDA"},"image":{"@id":"https:\/\/businesspt.pt\/wpbpt\/#\/schema\/logo\/image\/"},"sameAs":["http:\/\/www.facebook.com\/businessportugal\/","http:\/\/bit.ly\/andrepmgr"]}]}},"_links":{"self":[{"href":"https:\/\/businesspt.pt\/wpbpt\/wp-json\/wp\/v2\/pages\/980","targetHints":{"allow":["GET"]}}],"collection":[{"href":"https:\/\/businesspt.pt\/wpbpt\/wp-json\/wp\/v2\/pages"}],"about":[{"href":"https:\/\/businesspt.pt\/wpbpt\/wp-json\/wp\/v2\/types\/page"}],"author":[{"embeddable":true,"href":"https:\/\/businesspt.pt\/wpbpt\/wp-json\/wp\/v2\/users\/4"}],"replies":[{"embeddable":true,"href":"https:\/\/businesspt.pt\/wpbpt\/wp-json\/wp\/v2\/comments?post=980"}],"version-history":[{"count":4,"href":"https:\/\/businesspt.pt\/wpbpt\/wp-json\/wp\/v2\/pages\/980\/revisions"}],"predecessor-version":[{"id":1067,"href":"https:\/\/businesspt.pt\/wpbpt\/wp-json\/wp\/v2\/pages\/980\/revisions\/1067"}],"wp:attachment":[{"href":"https:\/\/businesspt.pt\/wpbpt\/wp-json\/wp\/v2\/media?parent=980"}],"curies":[{"name":"wp","href":"https:\/\/api.w.org\/{rel}","templated":true}]}}