{"id":594,"date":"2017-06-04T09:53:35","date_gmt":"2017-06-04T08:53:35","guid":{"rendered":"http:\/\/businesspt.pt\/wpbpt\/?page_id=594"},"modified":"2018-01-15T12:57:40","modified_gmt":"2018-01-15T12:57:40","slug":"analise-comparativa-de-franchising","status":"publish","type":"page","link":"https:\/\/businesspt.pt\/wpbpt\/o-que-fazemos\/analise-comparativa-de-franchising\/","title":{"rendered":"An\u00e1lise comparativa de Franchising"},"content":{"rendered":"<div class=\"col-xs-12 col-lg-10 col-lg-offset-1\">\n<h3>Efetuamos a An\u00e1lise comparativa de franchising como sendo uma boa op\u00e7\u00e3o de neg\u00f3cio para quem n\u00e3o possui uma ideia fixa em qual tipo de atividade pretende investir.<\/h3>\n<p>Na nossa atividade de An\u00e1lise comparativa de Franchising, sugerimos aos clientes a escolha de algumas op\u00e7\u00f5es de sua prefer\u00eancia e perfil e que estejam preferencialmente relacionadas com os seguintes pontos:<\/p>\n<div class=\"row\">\n<div class=\"col-xs-12 col-sm-7\"><img decoding=\"async\" class=\"img-responsive\" src=\"http:\/\/businesspt.pt\/wpbpt\/wp-content\/uploads\/2017\/06\/analise-franchising.jpg\" alt=\"An\u00e1lise comparativa de Franchising\" \/><\/div>\n<div class=\"col-xs-12 col-sm-5\">\n<p>&nbsp;<\/p>\n<p class=\"hidden-xs hidden-sm\">&nbsp;<\/p>\n<p class=\"hidden-xs hidden-sm\">&nbsp;<\/p>\n<ul>\n<li>Or\u00e7amento Dispon\u00edvel<\/li>\n<li>Prazo dispon\u00edvel para implanta\u00e7\u00e3o do neg\u00f3cio<\/li>\n<li>Zona \/ Regi\u00e3o onde pretende iniciar a atividade<\/li>\n<li>Retorno esperado sobre o investimento<\/li>\n<li>Experi\u00eancia ou conhecimento sobre a atividade.<\/li>\n<\/ul>\n<\/div>\n<\/div>\n<p>&nbsp;<\/p>\n<h3>A An\u00e1lise individual das marcas:<\/h3>\n<p>Consiste em diversos questionamentos levantados junto das informa\u00e7\u00f5es obtidas para ajudar a entender melhor sobre os tipos de neg\u00f3cios escolhidos.<br \/>\nInforma\u00e7\u00f5es como procedimentos para in\u00edcio, forma\u00e7\u00e3o e treinamentos, modelos de contratos e valores de investimento s\u00e3o itens de base para se verificar junto a uma marca.<br \/>\nOs itens verificados podem ser <a href=\"http:\/\/www.businesspt.pt\/franchising\/menu.png\" target=\"_blank\" rel=\"noopener noreferrer\">conferidos AQUI.<\/a><\/p>\n<p>&nbsp;<\/p>\n<p>Para escolha das marcas, alguns dos sites mais comuns de Portugal podem ser consultados:<\/p>\n<ul>\n<li><a href=\"http:\/\/www.bestfranchising.pt\" target=\"_blank\" rel=\"noopener noreferrer\">Bestfranchising<\/a><\/li>\n<li><a href=\"http:\/\/www.infofranchising.pt\" target=\"_blank\" rel=\"noopener noreferrer\">Infofranchising<\/a><\/li>\n<li><a href=\"http:\/\/gofranchising.pt\" target=\"_blank\" rel=\"noopener noreferrer\">Gofranchising<\/a><\/li>\n<li><a href=\"http:\/\/www.franchising.pt\" target=\"_blank\" rel=\"noopener noreferrer\">Franchising<\/a><\/li>\n<\/ul>\n<p>&nbsp;<\/p>\n<h3>Quadro da An\u00e1lise comparativa de Franchising 5w2h:<\/h3>\n<p>Recomendamos sempre a compara\u00e7\u00e3o de 4 marcas pois normalmente uma ou duas se identificam melhor com o perfil do cliente e outras n\u00e3o muito.<br \/>\nNeste quadro, colocamos o \u00edndice das informa\u00e7\u00f5es na seguinte disposi\u00e7\u00e3o:<\/p>\n<ul>\n<li>Quem? (Who) &#8211; Nome da Marca<\/li>\n<li>O Que? (What) &#8211; Descri\u00e7\u00e3o da Atividade<\/li>\n<li>Por Que? (Why) &#8211; Principais vantagens de cada op\u00e7\u00e3o<\/li>\n<li>Quanto? (How Much) \u00a0&#8211; Valor estimado para o investimento no neg\u00f3cio<\/li>\n<li>Onde? (Where) &#8211; Qual zona preferida para o neg\u00f3cio e\/ou perfil da mesma<\/li>\n<li>Quando? (When) &#8211; Prazo estimado para in\u00edcio de atividade ap\u00f3s aquisi\u00e7\u00e3o da marca<\/li>\n<li>Como? (How) &#8211; \u00cdndice de como \u00e9 aplicada a execu\u00e7\u00e3o desta atividade<\/li>\n<\/ul>\n<p>O modelo do quadro comparativo pode ser <a href=\"http:\/\/www.businesspt.pt\/franchising\/comparativo.png\" target=\"_blank\" rel=\"noopener noreferrer\">conferido AQUI.<\/a><\/p>\n<p>&nbsp;<\/p>\n<style type=\"text\/css\">.btCall {background: #1FA67A; display: inline-block; border-radius: 6px; padding: 1em 1.5em; text-decoration: none; color: #fff; font-size: 0.8em}.btCall:hover{ color: #fff !important; background-color:#17825f }.roxCallToAction{ padding: 2em 0; margin: 1.5em auto; border-bottom: 1px solid #e5e5e5; border-top: 1px solid #e5e5e5 }<\/style>\n<div class=\"row roxCallToAction\">\n<div class=\"col-md-8 col-sm-12\" style=\"text-align: center;\">\n<h3>Agende sua consulta!<\/h3>\n<p>Conver-se conosco para saber como empreender em Portugal.<\/p>\n<p>\t\t\t\t\t\t<a class=\"btCall\" href=\"http:\/\/businesspt.pt\/wpbpt\/agendar-consulta-inicial\/?page=franchise\">Agendar consulta de levantamento de perfil<\/a>\n\t\t\t\t\t<\/div>\n<div class=\"col-md-4 col-sm-12\"  style=\"text-align: center;\">\n<h4>Siga-nos:<\/h4>\n<p>\t\t\t\t\t\t<a href=\"https:\/\/www.facebook.com\/businessportugal\" target=\"_blank\"><br \/>\n\t\t\t\t\t\t\t<img decoding=\"async\" src=\"http:\/\/businesspt.pt\/wpbpt\/wp-content\/uploads\/2018\/01\/facebookling.png\"><br \/>\n\t\t\t\t\t\t<\/a>\n\t\t\t\t\t<\/div>\n<\/p><\/div>\n<p>&nbsp;<\/p>\n<p><small>*O Agendamento \u00e9 confirmado mediante o pr\u00e9-pagamento e confer\u00eancia da disponibilidade do mesmo. As confirma\u00e7\u00f5es s\u00e3o feitas em at\u00e9 48horas.<\/small><\/p>\n<\/div>\n","protected":false},"excerpt":{"rendered":"<p>Efetuamos a An\u00e1lise comparativa de franchising como sendo uma boa op\u00e7\u00e3o de neg\u00f3cio para quem n\u00e3o possui uma ideia fixa em qual tipo de atividade pretende investir. Na nossa atividade de An\u00e1lise comparativa de Franchising, sugerimos aos clientes a escolha de algumas op\u00e7\u00f5es de sua prefer\u00eancia e perfil e que estejam preferencialmente relacionadas com os [&hellip;]<\/p>\n","protected":false},"author":3,"featured_media":0,"parent":25,"menu_order":0,"comment_status":"closed","ping_status":"closed","template":"page-fullwidth.php","meta":{"_exactmetrics_skip_tracking":false,"_exactmetrics_sitenote_active":false,"_exactmetrics_sitenote_note":"","_exactmetrics_sitenote_category":0,"footnotes":""},"class_list":["post-594","page","type-page","status-publish","hentry"],"yoast_head":"<!-- This site is optimized with the Yoast SEO plugin v27.4 - https:\/\/yoast.com\/product\/yoast-seo-wordpress\/ -->\n<title>An\u00e1lise comparativa de Franchising - Individual e Quadro 5W2H<\/title>\n<meta name=\"description\" content=\"Na nossa atividade de An\u00e1lise comparativa de Franchising, sugerimos aos clientes a escolha de algumas op\u00e7\u00f5es de sua prefer\u00eancia e perfil.\" \/>\n<meta name=\"robots\" content=\"index, follow, max-snippet:-1, max-image-preview:large, max-video-preview:-1\" \/>\n<link rel=\"canonical\" href=\"https:\/\/businesspt.pt\/wpbpt\/o-que-fazemos\/analise-comparativa-de-franchising\/\" \/>\n<meta property=\"og:locale\" content=\"pt_PT\" \/>\n<meta property=\"og:type\" content=\"article\" \/>\n<meta property=\"og:title\" content=\"An\u00e1lise comparativa de Franchising - Individual e Quadro 5W2H\" \/>\n<meta property=\"og:description\" content=\"Na nossa atividade de An\u00e1lise comparativa de Franchising, sugerimos aos clientes a escolha de algumas op\u00e7\u00f5es de sua prefer\u00eancia e perfil.\" \/>\n<meta property=\"og:url\" content=\"https:\/\/businesspt.pt\/wpbpt\/o-que-fazemos\/analise-comparativa-de-franchising\/\" \/>\n<meta property=\"og:site_name\" content=\"Business Portugal\" \/>\n<meta property=\"article:publisher\" content=\"http:\/\/www.facebook.com\/businessportugal\/\" \/>\n<meta property=\"article:modified_time\" content=\"2018-01-15T12:57:40+00:00\" \/>\n<meta property=\"og:image\" content=\"http:\/\/businesspt.pt\/wpbpt\/wp-content\/uploads\/2017\/06\/analise-franchising.jpg\" \/>\n<meta name=\"twitter:card\" content=\"summary_large_image\" \/>\n<meta name=\"twitter:label1\" content=\"Tempo estimado de leitura\" \/>\n\t<meta name=\"twitter:data1\" content=\"2 minutes\" \/>\n<script type=\"application\/ld+json\" class=\"yoast-schema-graph\">{\"@context\":\"https:\\\/\\\/schema.org\",\"@graph\":[{\"@type\":\"WebPage\",\"@id\":\"https:\\\/\\\/businesspt.pt\\\/wpbpt\\\/o-que-fazemos\\\/analise-comparativa-de-franchising\\\/\",\"url\":\"https:\\\/\\\/businesspt.pt\\\/wpbpt\\\/o-que-fazemos\\\/analise-comparativa-de-franchising\\\/\",\"name\":\"An\u00e1lise comparativa de Franchising - Individual e Quadro 5W2H\",\"isPartOf\":{\"@id\":\"https:\\\/\\\/businesspt.pt\\\/wpbpt\\\/#website\"},\"primaryImageOfPage\":{\"@id\":\"https:\\\/\\\/businesspt.pt\\\/wpbpt\\\/o-que-fazemos\\\/analise-comparativa-de-franchising\\\/#primaryimage\"},\"image\":{\"@id\":\"https:\\\/\\\/businesspt.pt\\\/wpbpt\\\/o-que-fazemos\\\/analise-comparativa-de-franchising\\\/#primaryimage\"},\"thumbnailUrl\":\"http:\\\/\\\/businesspt.pt\\\/wpbpt\\\/wp-content\\\/uploads\\\/2017\\\/06\\\/analise-franchising.jpg\",\"datePublished\":\"2017-06-04T08:53:35+00:00\",\"dateModified\":\"2018-01-15T12:57:40+00:00\",\"description\":\"Na nossa atividade de An\u00e1lise comparativa de Franchising, sugerimos aos clientes a escolha de algumas op\u00e7\u00f5es de sua prefer\u00eancia e perfil.\",\"breadcrumb\":{\"@id\":\"https:\\\/\\\/businesspt.pt\\\/wpbpt\\\/o-que-fazemos\\\/analise-comparativa-de-franchising\\\/#breadcrumb\"},\"inLanguage\":\"pt-PT\",\"potentialAction\":[{\"@type\":\"ReadAction\",\"target\":[\"https:\\\/\\\/businesspt.pt\\\/wpbpt\\\/o-que-fazemos\\\/analise-comparativa-de-franchising\\\/\"]}]},{\"@type\":\"ImageObject\",\"inLanguage\":\"pt-PT\",\"@id\":\"https:\\\/\\\/businesspt.pt\\\/wpbpt\\\/o-que-fazemos\\\/analise-comparativa-de-franchising\\\/#primaryimage\",\"url\":\"https:\\\/\\\/businesspt.pt\\\/wpbpt\\\/wp-content\\\/uploads\\\/2017\\\/06\\\/analise-franchising.jpg\",\"contentUrl\":\"https:\\\/\\\/businesspt.pt\\\/wpbpt\\\/wp-content\\\/uploads\\\/2017\\\/06\\\/analise-franchising.jpg\",\"width\":1556,\"height\":1037,\"caption\":\"Itens do Perfil Base para a An\u00e1lise de Franchising\"},{\"@type\":\"BreadcrumbList\",\"@id\":\"https:\\\/\\\/businesspt.pt\\\/wpbpt\\\/o-que-fazemos\\\/analise-comparativa-de-franchising\\\/#breadcrumb\",\"itemListElement\":[{\"@type\":\"ListItem\",\"position\":1,\"name\":\"Home\",\"item\":\"https:\\\/\\\/businesspt.pt\\\/wpbpt\\\/\"},{\"@type\":\"ListItem\",\"position\":2,\"name\":\"O Que Fazemos\",\"item\":\"https:\\\/\\\/businesspt.pt\\\/wpbpt\\\/o-que-fazemos\\\/\"},{\"@type\":\"ListItem\",\"position\":3,\"name\":\"An\u00e1lise comparativa de Franchising\"}]},{\"@type\":\"WebSite\",\"@id\":\"https:\\\/\\\/businesspt.pt\\\/wpbpt\\\/#website\",\"url\":\"https:\\\/\\\/businesspt.pt\\\/wpbpt\\\/\",\"name\":\"Business Portugal\",\"description\":\"Business Portugal\",\"publisher\":{\"@id\":\"https:\\\/\\\/businesspt.pt\\\/wpbpt\\\/#organization\"},\"potentialAction\":[{\"@type\":\"SearchAction\",\"target\":{\"@type\":\"EntryPoint\",\"urlTemplate\":\"https:\\\/\\\/businesspt.pt\\\/wpbpt\\\/?s={search_term_string}\"},\"query-input\":{\"@type\":\"PropertyValueSpecification\",\"valueRequired\":true,\"valueName\":\"search_term_string\"}}],\"inLanguage\":\"pt-PT\"},{\"@type\":\"Organization\",\"@id\":\"https:\\\/\\\/businesspt.pt\\\/wpbpt\\\/#organization\",\"name\":\"ANDR\u00c9 LUIZ DE ALMEIDA - TECHNOLOGY CONSULTING, UNIPESSOAL, LDA\",\"url\":\"https:\\\/\\\/businesspt.pt\\\/wpbpt\\\/\",\"logo\":{\"@type\":\"ImageObject\",\"inLanguage\":\"pt-PT\",\"@id\":\"https:\\\/\\\/businesspt.pt\\\/wpbpt\\\/#\\\/schema\\\/logo\\\/image\\\/\",\"url\":\"https:\\\/\\\/businesspt.pt\\\/wpbpt\\\/wp-content\\\/uploads\\\/2015\\\/10\\\/bpt-icon.png\",\"contentUrl\":\"https:\\\/\\\/businesspt.pt\\\/wpbpt\\\/wp-content\\\/uploads\\\/2015\\\/10\\\/bpt-icon.png\",\"width\":512,\"height\":512,\"caption\":\"ANDR\u00c9 LUIZ DE ALMEIDA - TECHNOLOGY CONSULTING, UNIPESSOAL, LDA\"},\"image\":{\"@id\":\"https:\\\/\\\/businesspt.pt\\\/wpbpt\\\/#\\\/schema\\\/logo\\\/image\\\/\"},\"sameAs\":[\"http:\\\/\\\/www.facebook.com\\\/businessportugal\\\/\",\"http:\\\/\\\/bit.ly\\\/andrepmgr\"]}]}<\/script>\n<!-- \/ Yoast SEO plugin. -->","yoast_head_json":{"title":"An\u00e1lise comparativa de Franchising - Individual e Quadro 5W2H","description":"Na nossa atividade de An\u00e1lise comparativa de Franchising, sugerimos aos clientes a escolha de algumas op\u00e7\u00f5es de sua prefer\u00eancia e perfil.","robots":{"index":"index","follow":"follow","max-snippet":"max-snippet:-1","max-image-preview":"max-image-preview:large","max-video-preview":"max-video-preview:-1"},"canonical":"https:\/\/businesspt.pt\/wpbpt\/o-que-fazemos\/analise-comparativa-de-franchising\/","og_locale":"pt_PT","og_type":"article","og_title":"An\u00e1lise comparativa de Franchising - Individual e Quadro 5W2H","og_description":"Na nossa atividade de An\u00e1lise comparativa de Franchising, sugerimos aos clientes a escolha de algumas op\u00e7\u00f5es de sua prefer\u00eancia e perfil.","og_url":"https:\/\/businesspt.pt\/wpbpt\/o-que-fazemos\/analise-comparativa-de-franchising\/","og_site_name":"Business Portugal","article_publisher":"http:\/\/www.facebook.com\/businessportugal\/","article_modified_time":"2018-01-15T12:57:40+00:00","og_image":[{"url":"http:\/\/businesspt.pt\/wpbpt\/wp-content\/uploads\/2017\/06\/analise-franchising.jpg","type":"","width":"","height":""}],"twitter_card":"summary_large_image","twitter_misc":{"Tempo estimado de leitura":"2 minutes"},"schema":{"@context":"https:\/\/schema.org","@graph":[{"@type":"WebPage","@id":"https:\/\/businesspt.pt\/wpbpt\/o-que-fazemos\/analise-comparativa-de-franchising\/","url":"https:\/\/businesspt.pt\/wpbpt\/o-que-fazemos\/analise-comparativa-de-franchising\/","name":"An\u00e1lise comparativa de Franchising - Individual e Quadro 5W2H","isPartOf":{"@id":"https:\/\/businesspt.pt\/wpbpt\/#website"},"primaryImageOfPage":{"@id":"https:\/\/businesspt.pt\/wpbpt\/o-que-fazemos\/analise-comparativa-de-franchising\/#primaryimage"},"image":{"@id":"https:\/\/businesspt.pt\/wpbpt\/o-que-fazemos\/analise-comparativa-de-franchising\/#primaryimage"},"thumbnailUrl":"http:\/\/businesspt.pt\/wpbpt\/wp-content\/uploads\/2017\/06\/analise-franchising.jpg","datePublished":"2017-06-04T08:53:35+00:00","dateModified":"2018-01-15T12:57:40+00:00","description":"Na nossa atividade de An\u00e1lise comparativa de Franchising, sugerimos aos clientes a escolha de algumas op\u00e7\u00f5es de sua prefer\u00eancia e perfil.","breadcrumb":{"@id":"https:\/\/businesspt.pt\/wpbpt\/o-que-fazemos\/analise-comparativa-de-franchising\/#breadcrumb"},"inLanguage":"pt-PT","potentialAction":[{"@type":"ReadAction","target":["https:\/\/businesspt.pt\/wpbpt\/o-que-fazemos\/analise-comparativa-de-franchising\/"]}]},{"@type":"ImageObject","inLanguage":"pt-PT","@id":"https:\/\/businesspt.pt\/wpbpt\/o-que-fazemos\/analise-comparativa-de-franchising\/#primaryimage","url":"https:\/\/businesspt.pt\/wpbpt\/wp-content\/uploads\/2017\/06\/analise-franchising.jpg","contentUrl":"https:\/\/businesspt.pt\/wpbpt\/wp-content\/uploads\/2017\/06\/analise-franchising.jpg","width":1556,"height":1037,"caption":"Itens do Perfil Base para a An\u00e1lise de Franchising"},{"@type":"BreadcrumbList","@id":"https:\/\/businesspt.pt\/wpbpt\/o-que-fazemos\/analise-comparativa-de-franchising\/#breadcrumb","itemListElement":[{"@type":"ListItem","position":1,"name":"Home","item":"https:\/\/businesspt.pt\/wpbpt\/"},{"@type":"ListItem","position":2,"name":"O Que Fazemos","item":"https:\/\/businesspt.pt\/wpbpt\/o-que-fazemos\/"},{"@type":"ListItem","position":3,"name":"An\u00e1lise comparativa de Franchising"}]},{"@type":"WebSite","@id":"https:\/\/businesspt.pt\/wpbpt\/#website","url":"https:\/\/businesspt.pt\/wpbpt\/","name":"Business Portugal","description":"Business Portugal","publisher":{"@id":"https:\/\/businesspt.pt\/wpbpt\/#organization"},"potentialAction":[{"@type":"SearchAction","target":{"@type":"EntryPoint","urlTemplate":"https:\/\/businesspt.pt\/wpbpt\/?s={search_term_string}"},"query-input":{"@type":"PropertyValueSpecification","valueRequired":true,"valueName":"search_term_string"}}],"inLanguage":"pt-PT"},{"@type":"Organization","@id":"https:\/\/businesspt.pt\/wpbpt\/#organization","name":"ANDR\u00c9 LUIZ DE ALMEIDA - TECHNOLOGY CONSULTING, UNIPESSOAL, LDA","url":"https:\/\/businesspt.pt\/wpbpt\/","logo":{"@type":"ImageObject","inLanguage":"pt-PT","@id":"https:\/\/businesspt.pt\/wpbpt\/#\/schema\/logo\/image\/","url":"https:\/\/businesspt.pt\/wpbpt\/wp-content\/uploads\/2015\/10\/bpt-icon.png","contentUrl":"https:\/\/businesspt.pt\/wpbpt\/wp-content\/uploads\/2015\/10\/bpt-icon.png","width":512,"height":512,"caption":"ANDR\u00c9 LUIZ DE ALMEIDA - TECHNOLOGY CONSULTING, UNIPESSOAL, LDA"},"image":{"@id":"https:\/\/businesspt.pt\/wpbpt\/#\/schema\/logo\/image\/"},"sameAs":["http:\/\/www.facebook.com\/businessportugal\/","http:\/\/bit.ly\/andrepmgr"]}]}},"_links":{"self":[{"href":"https:\/\/businesspt.pt\/wpbpt\/wp-json\/wp\/v2\/pages\/594","targetHints":{"allow":["GET"]}}],"collection":[{"href":"https:\/\/businesspt.pt\/wpbpt\/wp-json\/wp\/v2\/pages"}],"about":[{"href":"https:\/\/businesspt.pt\/wpbpt\/wp-json\/wp\/v2\/types\/page"}],"author":[{"embeddable":true,"href":"https:\/\/businesspt.pt\/wpbpt\/wp-json\/wp\/v2\/users\/3"}],"replies":[{"embeddable":true,"href":"https:\/\/businesspt.pt\/wpbpt\/wp-json\/wp\/v2\/comments?post=594"}],"version-history":[{"count":20,"href":"https:\/\/businesspt.pt\/wpbpt\/wp-json\/wp\/v2\/pages\/594\/revisions"}],"predecessor-version":[{"id":817,"href":"https:\/\/businesspt.pt\/wpbpt\/wp-json\/wp\/v2\/pages\/594\/revisions\/817"}],"up":[{"embeddable":true,"href":"https:\/\/businesspt.pt\/wpbpt\/wp-json\/wp\/v2\/pages\/25"}],"wp:attachment":[{"href":"https:\/\/businesspt.pt\/wpbpt\/wp-json\/wp\/v2\/media?parent=594"}],"curies":[{"name":"wp","href":"https:\/\/api.w.org\/{rel}","templated":true}]}}