{"id":25,"date":"2015-10-12T19:47:49","date_gmt":"2015-10-12T19:47:49","guid":{"rendered":"http:\/\/businesspt.pt\/wpbpt\/?page_id=25"},"modified":"2017-06-04T11:15:27","modified_gmt":"2017-06-04T10:15:27","slug":"o-que-fazemos","status":"publish","type":"page","link":"https:\/\/businesspt.pt\/wpbpt\/o-que-fazemos\/","title":{"rendered":"O Que Fazemos"},"content":{"rendered":"<p>N\u00f3s da Business Portugal executamos estudos de mercado para os mais diversos tipos de neg\u00f3cios, desde a necessidade do cliente atrav\u00e9s do levantamento do perfil do mesmo para com o neg\u00f3cio ou investimento desejado e configura\u00e7\u00e3o dos planos a serem contratados, conhe\u00e7a aqui o\u00a0que fazemos e como fazemos.<\/p>\n<p>Contamos com parceiros em diversas \u00e1reas estrat\u00e9gicas para seu neg\u00f3cio desde:<\/p>\n<ul>\n<li>Documenta\u00e7\u00e3o e Vistos<\/li>\n<li>Constitui\u00e7\u00e3o da empresa<\/li>\n<li>Contabilidade<\/li>\n<li>Fundos de cr\u00e9dito banc\u00e1rio<\/li>\n<li>Escrit\u00f3rios e coworks<\/li>\n<li>Arrendamentos para estabelecimentos comerciais e residenciais<\/li>\n<li>Tecnologias<\/li>\n<li>E muito mais.<\/li>\n<\/ul>\n<h2><a href=\"http:\/\/businesspt.pt\/wpbpt\/parceiros-business-portugal\/\" target=\"_blank\" rel=\"noopener noreferrer\">Acesse aqui nossa P\u00e1gina de Parceiros!<\/a><\/h2>\n<p>&nbsp;<\/p>\n<h2>Nosso menu de servi\u00e7os<\/h2>\n<ul>\n<li><a href=\"http:\/\/businesspt.pt\/wpbpt\/o-que-fazemos\/consulta-de-levantamento-de-perfil\/\" target=\"_blank\" rel=\"noopener noreferrer\">Consulta Avulsa &#8211; Perfil de Neg\u00f3cios<\/a><\/li>\n<li><a href=\"http:\/\/businesspt.pt\/wpbpt\/o-que-fazemos\/business-plan-digital-business-portugal\/\" target=\"_blank\" rel=\"noopener noreferrer\">Business Plan Digital &#8211; Base para seu neg\u00f3cio<\/a><\/li>\n<li><a href=\"http:\/\/businesspt.pt\/wpbpt\/o-que-fazemos\/business-plan-personalizado-business-portugal\/\" target=\"_blank\" rel=\"noopener noreferrer\">Business Plan Personalizado &#8211; Expans\u00e3o, crescimento, atividade detalhada<\/a><\/li>\n<li><a href=\"http:\/\/businesspt.pt\/wpbpt\/o-que-fazemos\/analise-comparativa-de-franchising\/\" target=\"_blank\" rel=\"noopener noreferrer\">An\u00e1lise comparativa de Franchising &#8211; Identifique o neg\u00f3cio no seu perfil de investimento<\/a><\/li>\n<li><a href=\"http:\/\/businesspt.pt\/wpbpt\/o-que-fazemos\/sessao-individual-canvas\/\" target=\"_blank\" rel=\"noopener noreferrer\">Sess\u00e3o individual Canvas &#8211; Desenvolvimento de sua ideia de neg\u00f3cio<\/a><\/li>\n<li><a href=\"http:\/\/businesspt.pt\/wpbpt\/o-que-fazemos\/workshop-value-proposition-canvas\/\" target=\"_blank\" rel=\"noopener noreferrer\">Workshop Value Proposition Canvas &#8211; Desenvolvimento em Grupo<\/a><\/li>\n<\/ul>\n<p>&nbsp;<\/p>\n<div id=\"attachment_655\" style=\"width: 811px\" class=\"wp-caption alignnone\"><a href=\"http:\/\/www.businesspt.pt\/portfolio.pdf\" target=\"_blank\" rel=\"noopener noreferrer\"><img loading=\"lazy\" decoding=\"async\" aria-describedby=\"caption-attachment-655\" class=\"wp-image-655\" src=\"http:\/\/businesspt.pt\/wpbpt\/wp-content\/uploads\/2015\/10\/trabalhamos.png\" alt=\"O que fazemos e como trabalhamos\" width=\"801\" height=\"421\" \/><\/a><p id=\"caption-attachment-655\" class=\"wp-caption-text\">O que fazemos e como trabalhamos<\/p><\/div>\n<p>&nbsp;<\/p>\n<p>A Business Portugal possui know-How especializado em an\u00e1lise de neg\u00f3cios.<br \/>\nSeja uma nova ideia, um neg\u00f3cio em expans\u00e3o ou um estudo de desempenho de mercado,<br \/>\nPodemos ajudar a identificar oportunidades e pontos de melhoria para sua empresa.<\/p>\n<p>&nbsp;<\/p>\n<h4>Quer saber mais sobre o que fazemos e como fazemos de forma que possamos lhe ajudar?<\/h4>\n<p>Podemos\u00a0agendar* uma sess\u00e3o? Basta clicar na nossa agenda abaixo:<br \/>\n<a href=\"https:\/\/calendly.com\/andrealmeida\/60skype\/\" target=\"_blank\" rel=\"noopener noreferrer\">Ou diretamente aqui tamb\u00e9m<\/a>.<\/p>\n<div id=\"attachment_443\" style=\"width: 227px\" class=\"wp-caption alignnone\"><a href=\"https:\/\/calendly.com\/andrealmeida\/60skype\/\" target=\"_blank\" rel=\"noopener noreferrer\"><img loading=\"lazy\" decoding=\"async\" aria-describedby=\"caption-attachment-443\" class=\"wp-image-443\" src=\"http:\/\/businesspt.pt\/wpbpt\/wp-content\/uploads\/2017\/05\/calendly.png\" alt=\"O Que fazemos e como fazemos - Business Portugal\" width=\"217\" height=\"217\" \/><\/a><p id=\"caption-attachment-443\" class=\"wp-caption-text\">Acesse aqui a nossa agenda!<\/p><\/div>\n<p><small>*O Agendamento \u00e9 confirmado mediante o pr\u00e9-pagamento e confer\u00eancia da disponibilidade do mesmo. As confirma\u00e7\u00f5es s\u00e3o feitas em at\u00e9 48horas.<\/small><\/p>\n<p>Acompanhe-nos tamb\u00e9m no facebook: <a href=\"http:\/\/fb.me\/businessportugal\" target=\"_blank\" rel=\"noopener noreferrer\">fb.me\/businessportugal<\/a><\/p>\n","protected":false},"excerpt":{"rendered":"<p>N\u00f3s da Business Portugal executamos estudos de mercado para os mais diversos tipos de neg\u00f3cios, desde a necessidade do cliente atrav\u00e9s do levantamento do perfil do mesmo para com o neg\u00f3cio ou investimento desejado e configura\u00e7\u00e3o dos planos a serem contratados, conhe\u00e7a aqui o\u00a0que fazemos e como fazemos. Contamos com parceiros em diversas \u00e1reas estrat\u00e9gicas [&hellip;]<\/p>\n","protected":false},"author":1,"featured_media":44,"parent":0,"menu_order":0,"comment_status":"closed","ping_status":"closed","template":"","meta":{"_exactmetrics_skip_tracking":false,"_exactmetrics_sitenote_active":false,"_exactmetrics_sitenote_note":"","_exactmetrics_sitenote_category":0,"footnotes":""},"class_list":["post-25","page","type-page","status-publish","has-post-thumbnail","hentry"],"yoast_head":"<!-- This site is optimized with the Yoast SEO plugin v27.3 - https:\/\/yoast.com\/product\/yoast-seo-wordpress\/ -->\n<title>O que fazemos e como fazemos - Business Portugal<\/title>\n<meta name=\"description\" content=\"Desde a necessidade do cliente atrav\u00e9s do levantamento do perfil para com o neg\u00f3cio ou investimento desejado e configura\u00e7\u00e3o dos planos a serem contratados.\" \/>\n<meta name=\"robots\" content=\"index, follow, max-snippet:-1, max-image-preview:large, max-video-preview:-1\" \/>\n<link rel=\"canonical\" href=\"https:\/\/businesspt.pt\/wpbpt\/o-que-fazemos\/\" \/>\n<meta property=\"og:locale\" content=\"pt_PT\" \/>\n<meta property=\"og:type\" content=\"article\" \/>\n<meta property=\"og:title\" content=\"O que fazemos e como fazemos - Business Portugal\" \/>\n<meta property=\"og:description\" content=\"Desde a necessidade do cliente atrav\u00e9s do levantamento do perfil para com o neg\u00f3cio ou investimento desejado e configura\u00e7\u00e3o dos planos a serem contratados.\" \/>\n<meta property=\"og:url\" content=\"https:\/\/businesspt.pt\/wpbpt\/o-que-fazemos\/\" \/>\n<meta property=\"og:site_name\" content=\"Business Portugal\" \/>\n<meta property=\"article:publisher\" content=\"http:\/\/www.facebook.com\/businessportugal\/\" \/>\n<meta property=\"article:modified_time\" content=\"2017-06-04T10:15:27+00:00\" \/>\n<meta property=\"og:image\" content=\"https:\/\/businesspt.pt\/wpbpt\/wp-content\/uploads\/2015\/10\/fundo1.jpg\" \/>\n\t<meta property=\"og:image:width\" content=\"1920\" \/>\n\t<meta property=\"og:image:height\" content=\"550\" \/>\n\t<meta property=\"og:image:type\" content=\"image\/jpeg\" \/>\n<meta name=\"twitter:card\" content=\"summary_large_image\" \/>\n<meta name=\"twitter:label1\" content=\"Tempo estimado de leitura\" \/>\n\t<meta name=\"twitter:data1\" content=\"2 minutes\" \/>\n<script type=\"application\/ld+json\" class=\"yoast-schema-graph\">{\"@context\":\"https:\\\/\\\/schema.org\",\"@graph\":[{\"@type\":\"WebPage\",\"@id\":\"https:\\\/\\\/businesspt.pt\\\/wpbpt\\\/o-que-fazemos\\\/\",\"url\":\"https:\\\/\\\/businesspt.pt\\\/wpbpt\\\/o-que-fazemos\\\/\",\"name\":\"O que fazemos e como fazemos - Business Portugal\",\"isPartOf\":{\"@id\":\"https:\\\/\\\/businesspt.pt\\\/wpbpt\\\/#website\"},\"primaryImageOfPage\":{\"@id\":\"https:\\\/\\\/businesspt.pt\\\/wpbpt\\\/o-que-fazemos\\\/#primaryimage\"},\"image\":{\"@id\":\"https:\\\/\\\/businesspt.pt\\\/wpbpt\\\/o-que-fazemos\\\/#primaryimage\"},\"thumbnailUrl\":\"https:\\\/\\\/businesspt.pt\\\/wpbpt\\\/wp-content\\\/uploads\\\/2015\\\/10\\\/fundo1.jpg\",\"datePublished\":\"2015-10-12T19:47:49+00:00\",\"dateModified\":\"2017-06-04T10:15:27+00:00\",\"description\":\"Desde a necessidade do cliente atrav\u00e9s do levantamento do perfil para com o neg\u00f3cio ou investimento desejado e configura\u00e7\u00e3o dos planos a serem contratados.\",\"breadcrumb\":{\"@id\":\"https:\\\/\\\/businesspt.pt\\\/wpbpt\\\/o-que-fazemos\\\/#breadcrumb\"},\"inLanguage\":\"pt-PT\",\"potentialAction\":[{\"@type\":\"ReadAction\",\"target\":[\"https:\\\/\\\/businesspt.pt\\\/wpbpt\\\/o-que-fazemos\\\/\"]}]},{\"@type\":\"ImageObject\",\"inLanguage\":\"pt-PT\",\"@id\":\"https:\\\/\\\/businesspt.pt\\\/wpbpt\\\/o-que-fazemos\\\/#primaryimage\",\"url\":\"https:\\\/\\\/businesspt.pt\\\/wpbpt\\\/wp-content\\\/uploads\\\/2015\\\/10\\\/fundo1.jpg\",\"contentUrl\":\"https:\\\/\\\/businesspt.pt\\\/wpbpt\\\/wp-content\\\/uploads\\\/2015\\\/10\\\/fundo1.jpg\",\"width\":1920,\"height\":550},{\"@type\":\"BreadcrumbList\",\"@id\":\"https:\\\/\\\/businesspt.pt\\\/wpbpt\\\/o-que-fazemos\\\/#breadcrumb\",\"itemListElement\":[{\"@type\":\"ListItem\",\"position\":1,\"name\":\"Home\",\"item\":\"https:\\\/\\\/businesspt.pt\\\/wpbpt\\\/\"},{\"@type\":\"ListItem\",\"position\":2,\"name\":\"O Que Fazemos\"}]},{\"@type\":\"WebSite\",\"@id\":\"https:\\\/\\\/businesspt.pt\\\/wpbpt\\\/#website\",\"url\":\"https:\\\/\\\/businesspt.pt\\\/wpbpt\\\/\",\"name\":\"Business Portugal\",\"description\":\"Business Portugal\",\"publisher\":{\"@id\":\"https:\\\/\\\/businesspt.pt\\\/wpbpt\\\/#organization\"},\"potentialAction\":[{\"@type\":\"SearchAction\",\"target\":{\"@type\":\"EntryPoint\",\"urlTemplate\":\"https:\\\/\\\/businesspt.pt\\\/wpbpt\\\/?s={search_term_string}\"},\"query-input\":{\"@type\":\"PropertyValueSpecification\",\"valueRequired\":true,\"valueName\":\"search_term_string\"}}],\"inLanguage\":\"pt-PT\"},{\"@type\":\"Organization\",\"@id\":\"https:\\\/\\\/businesspt.pt\\\/wpbpt\\\/#organization\",\"name\":\"ANDR\u00c9 LUIZ DE ALMEIDA - TECHNOLOGY CONSULTING, UNIPESSOAL, LDA\",\"url\":\"https:\\\/\\\/businesspt.pt\\\/wpbpt\\\/\",\"logo\":{\"@type\":\"ImageObject\",\"inLanguage\":\"pt-PT\",\"@id\":\"https:\\\/\\\/businesspt.pt\\\/wpbpt\\\/#\\\/schema\\\/logo\\\/image\\\/\",\"url\":\"https:\\\/\\\/businesspt.pt\\\/wpbpt\\\/wp-content\\\/uploads\\\/2015\\\/10\\\/bpt-icon.png\",\"contentUrl\":\"https:\\\/\\\/businesspt.pt\\\/wpbpt\\\/wp-content\\\/uploads\\\/2015\\\/10\\\/bpt-icon.png\",\"width\":512,\"height\":512,\"caption\":\"ANDR\u00c9 LUIZ DE ALMEIDA - TECHNOLOGY CONSULTING, UNIPESSOAL, LDA\"},\"image\":{\"@id\":\"https:\\\/\\\/businesspt.pt\\\/wpbpt\\\/#\\\/schema\\\/logo\\\/image\\\/\"},\"sameAs\":[\"http:\\\/\\\/www.facebook.com\\\/businessportugal\\\/\",\"http:\\\/\\\/bit.ly\\\/andrepmgr\"]}]}<\/script>\n<!-- \/ Yoast SEO plugin. -->","yoast_head_json":{"title":"O que fazemos e como fazemos - Business Portugal","description":"Desde a necessidade do cliente atrav\u00e9s do levantamento do perfil para com o neg\u00f3cio ou investimento desejado e configura\u00e7\u00e3o dos planos a serem contratados.","robots":{"index":"index","follow":"follow","max-snippet":"max-snippet:-1","max-image-preview":"max-image-preview:large","max-video-preview":"max-video-preview:-1"},"canonical":"https:\/\/businesspt.pt\/wpbpt\/o-que-fazemos\/","og_locale":"pt_PT","og_type":"article","og_title":"O que fazemos e como fazemos - Business Portugal","og_description":"Desde a necessidade do cliente atrav\u00e9s do levantamento do perfil para com o neg\u00f3cio ou investimento desejado e configura\u00e7\u00e3o dos planos a serem contratados.","og_url":"https:\/\/businesspt.pt\/wpbpt\/o-que-fazemos\/","og_site_name":"Business Portugal","article_publisher":"http:\/\/www.facebook.com\/businessportugal\/","article_modified_time":"2017-06-04T10:15:27+00:00","og_image":[{"width":1920,"height":550,"url":"https:\/\/businesspt.pt\/wpbpt\/wp-content\/uploads\/2015\/10\/fundo1.jpg","type":"image\/jpeg"}],"twitter_card":"summary_large_image","twitter_misc":{"Tempo estimado de leitura":"2 minutes"},"schema":{"@context":"https:\/\/schema.org","@graph":[{"@type":"WebPage","@id":"https:\/\/businesspt.pt\/wpbpt\/o-que-fazemos\/","url":"https:\/\/businesspt.pt\/wpbpt\/o-que-fazemos\/","name":"O que fazemos e como fazemos - Business Portugal","isPartOf":{"@id":"https:\/\/businesspt.pt\/wpbpt\/#website"},"primaryImageOfPage":{"@id":"https:\/\/businesspt.pt\/wpbpt\/o-que-fazemos\/#primaryimage"},"image":{"@id":"https:\/\/businesspt.pt\/wpbpt\/o-que-fazemos\/#primaryimage"},"thumbnailUrl":"https:\/\/businesspt.pt\/wpbpt\/wp-content\/uploads\/2015\/10\/fundo1.jpg","datePublished":"2015-10-12T19:47:49+00:00","dateModified":"2017-06-04T10:15:27+00:00","description":"Desde a necessidade do cliente atrav\u00e9s do levantamento do perfil para com o neg\u00f3cio ou investimento desejado e configura\u00e7\u00e3o dos planos a serem contratados.","breadcrumb":{"@id":"https:\/\/businesspt.pt\/wpbpt\/o-que-fazemos\/#breadcrumb"},"inLanguage":"pt-PT","potentialAction":[{"@type":"ReadAction","target":["https:\/\/businesspt.pt\/wpbpt\/o-que-fazemos\/"]}]},{"@type":"ImageObject","inLanguage":"pt-PT","@id":"https:\/\/businesspt.pt\/wpbpt\/o-que-fazemos\/#primaryimage","url":"https:\/\/businesspt.pt\/wpbpt\/wp-content\/uploads\/2015\/10\/fundo1.jpg","contentUrl":"https:\/\/businesspt.pt\/wpbpt\/wp-content\/uploads\/2015\/10\/fundo1.jpg","width":1920,"height":550},{"@type":"BreadcrumbList","@id":"https:\/\/businesspt.pt\/wpbpt\/o-que-fazemos\/#breadcrumb","itemListElement":[{"@type":"ListItem","position":1,"name":"Home","item":"https:\/\/businesspt.pt\/wpbpt\/"},{"@type":"ListItem","position":2,"name":"O Que Fazemos"}]},{"@type":"WebSite","@id":"https:\/\/businesspt.pt\/wpbpt\/#website","url":"https:\/\/businesspt.pt\/wpbpt\/","name":"Business Portugal","description":"Business Portugal","publisher":{"@id":"https:\/\/businesspt.pt\/wpbpt\/#organization"},"potentialAction":[{"@type":"SearchAction","target":{"@type":"EntryPoint","urlTemplate":"https:\/\/businesspt.pt\/wpbpt\/?s={search_term_string}"},"query-input":{"@type":"PropertyValueSpecification","valueRequired":true,"valueName":"search_term_string"}}],"inLanguage":"pt-PT"},{"@type":"Organization","@id":"https:\/\/businesspt.pt\/wpbpt\/#organization","name":"ANDR\u00c9 LUIZ DE ALMEIDA - TECHNOLOGY CONSULTING, UNIPESSOAL, LDA","url":"https:\/\/businesspt.pt\/wpbpt\/","logo":{"@type":"ImageObject","inLanguage":"pt-PT","@id":"https:\/\/businesspt.pt\/wpbpt\/#\/schema\/logo\/image\/","url":"https:\/\/businesspt.pt\/wpbpt\/wp-content\/uploads\/2015\/10\/bpt-icon.png","contentUrl":"https:\/\/businesspt.pt\/wpbpt\/wp-content\/uploads\/2015\/10\/bpt-icon.png","width":512,"height":512,"caption":"ANDR\u00c9 LUIZ DE ALMEIDA - TECHNOLOGY CONSULTING, UNIPESSOAL, LDA"},"image":{"@id":"https:\/\/businesspt.pt\/wpbpt\/#\/schema\/logo\/image\/"},"sameAs":["http:\/\/www.facebook.com\/businessportugal\/","http:\/\/bit.ly\/andrepmgr"]}]}},"_links":{"self":[{"href":"https:\/\/businesspt.pt\/wpbpt\/wp-json\/wp\/v2\/pages\/25","targetHints":{"allow":["GET"]}}],"collection":[{"href":"https:\/\/businesspt.pt\/wpbpt\/wp-json\/wp\/v2\/pages"}],"about":[{"href":"https:\/\/businesspt.pt\/wpbpt\/wp-json\/wp\/v2\/types\/page"}],"author":[{"embeddable":true,"href":"https:\/\/businesspt.pt\/wpbpt\/wp-json\/wp\/v2\/users\/1"}],"replies":[{"embeddable":true,"href":"https:\/\/businesspt.pt\/wpbpt\/wp-json\/wp\/v2\/comments?post=25"}],"version-history":[{"count":11,"href":"https:\/\/businesspt.pt\/wpbpt\/wp-json\/wp\/v2\/pages\/25\/revisions"}],"predecessor-version":[{"id":660,"href":"https:\/\/businesspt.pt\/wpbpt\/wp-json\/wp\/v2\/pages\/25\/revisions\/660"}],"wp:featuredmedia":[{"embeddable":true,"href":"https:\/\/businesspt.pt\/wpbpt\/wp-json\/wp\/v2\/media\/44"}],"wp:attachment":[{"href":"https:\/\/businesspt.pt\/wpbpt\/wp-json\/wp\/v2\/media?parent=25"}],"curies":[{"name":"wp","href":"https:\/\/api.w.org\/{rel}","templated":true}]}}